*g + 464 = 5*s - 1076, 1267 = 4*g - 3*s. Suppose -g = 15*z - 1228. List the prime factors of z.
61
Let i(n) be the third derivative of n**6/120 + 2*n**5/15 + n**3 - 14*n**2. List the prime factors of i(-7).
5, 11
Suppose -r - 61 = -5*j, -j = 2*r + 16 + 73. Suppose 0 = -6*d + 8*d + 44. Let a = d - r. List the prime factors of a.
2, 3
Suppose 4*s = -3*a - 4761 + 15408, 3*s - 2*a - 7998 = 0. List the prime factors of s.
2, 3, 37
Suppose w + 5*w + 150 = 0. Let d = 61 + w. What are the prime factors of d?
2, 3
Suppose -13*a = -6564 - 4252. What are the prime factors of a?
2, 13
Suppose -16 = 5*a + 4. Let j(v) = 15 + 12 + v - 18. List the prime factors of j(a).
5
Let n(w) = w**3 - 9*w**2 - 13*w - 2. Let t be n(11). Let y = t - 88. What are the prime factors of y?
3
Suppose -11 = -4*s - 31, -4*p = 5*s - 1075. List the prime factors of p.
5, 11
Suppose 5*x + 6*x = 4840. What are the prime factors of x?
2, 5, 11
Suppose 4*r - 12 = -0*r. Suppose -r*w + 30 = 2*b, 2*w + 4*b - 14 = 14. Suppose -w = -c - 6. What are the prime factors of c?
2
Let a = -52 + 54. Suppose -s + 51 = a*r, -2*s - 5*r = -0*s - 99. What are the prime factors of s?
3, 19
Suppose 0 = 3*y + c - 7167, y - 2378 = 7*c - 11*c. List the prime factors of y.
2, 5, 239
Let k = 112 - -199. List the prime factors of k.
311
Let y = -324 + 567. List the prime factors of y.
3
Suppose -s = s. Suppose -5*x - q = 70 - 439, s = 2*x - 2*q - 150. Suppose -34*m + x = -33*m. List the prime factors of m.
2, 37
Let l = 8 + -12. Let g be ((-12)/(-1))/(l/(-18)). Suppose n + n = g. List the prime factors of n.
3
Let p(k) = 19*k**3 + 12*k**2 - 8*k + 9. List the prime factors of p(5).
2, 661
Let i = 1145 - 65. What are the prime factors of i?
2, 3, 5
Let b be -2 - -2*2/1. Suppose 2*t = -2*h + 1 + 5, -b*h - 5*t = 6. Suppose -3*o + h = -104. What are the prime factors of o?
37
Let m = -18 - -190. Let p = m + -122. Let q = 70 - p. List the prime factors of q.
2, 5
Let s(w) = 278*w + 167. List the prime factors of s(5).
3, 173
Let k(z) = -4*z**3 + 2*z**2 + 2. Let b be k(-2). Suppose 5*v + r + 3*r = -65, 3*v = -2*r - 39. Let d = v + b. What are the prime factors of d?
29
Let l(h) = -27*h + 9. List the prime factors of l(-10).
3, 31
Let y = -4 + 10. Suppose 3*d = 5*g + 20 - y, -3*g = -2*d + 9. Suppose -7*b = -d*b - 72. List the prime factors of b.
2, 3
Let f be (7/4)/(1/(-4)). Let k = f - -17. Suppose -2*m = -80 + k. What are the prime factors of m?
5, 7
Let z = -247 - -462. Suppose -z = -3*g + 112. List the prime factors of g.
109
Let y(t) = t**3 + 10*t**2 + 8*t - 4. Let v be y(-9). List the prime factors of v/(195/3972) + (-6)/(-39).
2, 3, 17
Suppose 16 = 2*g - 32. List the prime factors of g/(-42) + (-704)/(-7) + -1.
3, 11
Suppose x + 2*y = -2, -x = 3*y - 0*y + 3. List the prime factors of -145*(x - (-24)/(-20)).
2, 3, 29
What are the prime factors of ((-4459)/(-14) - -5)*6?
3, 647
Let h = 14 + -15. Let u(d) = -d**3 - d**2 + 1. Let y(n) = n**3 + 8*n**2 - 2*n - 6. Let q(v) = h*y(v) - 5*u(v). List the prime factors of q(2).
5
Let v = 31 - 27. Suppose 6*d - v*d = -2. Let t(m) = -11*m + 3. What are the prime factors of t(d)?
2, 7
Suppose -1570 = -3*u - 208. Suppose -5*v - u = -4*i, 9 = -3*i + 4*v + 349. What are the prime factors of i?
2, 29
Suppose 12*k - 1183 = 1973. List the prime factors of k.
263
Suppose 2*r + 4*a = 5*a + 61, 3*a - 9 = 0. Let p = r - -57. List the prime factors of p.
89
Let n be (-18)/4*20/30. Let d be ((-6)/n)/(6/15). Suppose -154 = -4*z - d*h, h + 8 = -3*h. List the prime factors of z.
41
Suppose 49 = -f - 21. Let l = f - -136. List the prime factors of l.
2, 3, 11
Let l be (267/3 - -3)*2. Let m = l + -108. What are the prime factors of m?
2, 19
Suppose 0 = 4*c - 2*c - 6. Let k be (-2)/c*(-3213)/14. Suppose -3*v + 0*v = -k. What are the prime factors of v?
3, 17
Suppose -6*r + 5*r = -4*l - 340, -2*r = -5*l - 422. Let h = 250 + l. List the prime factors of h.
2, 41
Let i(h) = -h**3 + 9*h**2 - 6*h - 8. Let q be i(8). Suppose q*y - 530 = 1286. List the prime factors of y.
227
Let k(t) = -t**2 - 7*t - 1. Let a be k(-7). Let m = a - -48. What are the prime factors of m?
47
Suppose 0 = -2*t + 23 + 49. Let m = -26 + t. Suppose -5*h + m*h = 55. List the prime factors of h.
11
What are the prime factors of (447/(-9))/(4/(-72))?
2, 3, 149
Suppose 0 = -h + 9 + 6. Let d = h + -17. Let x(v) = -3*v**3 + v**2 + 3*v + 3. What are the prime factors of x(d)?
5
Let k = -7 - -11. Suppose 0 = -2*w - 3*q + k*q + 9, 10 = 3*w + 2*q. Suppose 2*z = -w*b + 30, -3*z - 2 = 2*b - 39. List the prime factors of z.
11
Suppose 2*f + 4*f = 0. Suppose -2*y + 6*y - 168 = f. List the prime factors of y.
2, 3, 7
Let k = 1017 + -187. What are the prime factors of k?
2, 5, 83
Let u be -4 - (-4 + 3 + -74). Suppose -355 - u = -6*o. What are the prime factors of o?
71
Let s be -2 + 8/4 - -11. Suppose -s*q + 212 = -7*q. List the prime factors of q.
53
Let f(p) = -p**3 + 8*p**2 - 8*p + 7. Let o be f(7). Suppose 4*h - 17 = 3*q, o = -4*h - 5*q + 34 + 23. Let r = 20 + h. List the prime factors of r.
2, 7
Let a(g) = g**3 - 11*g**2 + 3. Let h be a(11). Suppose -3*j - n + 48 + 0 = 0, h*n = 0. Suppose 20*b = j*b + 52. List the prime factors of b.
13
Suppose -8*t + 14647 = -11233. List the prime factors of t.
5, 647
Let h(a) = -32*a + 11. Let l(m) = -m + 1. Let y(x) = -h(x) + 6*l(x). Let p be y(4). List the prime factors of (-640)/(-11) + (-18)/p.
2, 29
Let n(v) = 66*v**2 + 33*v + 218. What are the prime factors of n(-9)?
23, 229
Let y be 52/(-234) - (-140)/(-18). Let l(m) = -31*m - 9. List the prime factors of l(y).
239
Suppose 53*z = 51*z. Suppose z = 3*c + v - 978, -c + 3*c + 2*v = 652. What are the prime factors of c?
2, 163
Suppose 0 = -3*m - 5 + 17. Let c be -3 + (m/(-2) - -8). Suppose -c*h + u = -109, 4*u = -h + u + 23. List the prime factors of h.
5, 7
Let u = -107 + -6. Let o = u + 211. What are the prime factors of o?
2, 7
Suppose 0*z + 3*o + 15 = 2*z, o = 4*z - 15. Let b = 10 + -8. Suppose z*l - 28 = b*l. What are the prime factors of l?
2, 7
Suppose -21 = -3*i - 24. Let a(w) = -6*w + 4. Let m be a(7). List the prime factors of (-3)/(i + (-35)/m).
2, 19
Let v(j) = -j**2 - 5*j + 4. Let y be v(-5). Suppose -2*t - y*t - 18 = 0. Let z = t - -27. List the prime factors of z.
2, 3
Suppose 63*p - 118495 = 30122. List the prime factors of p.
7, 337
List the prime factors of 28/(-14) - (0/4 - 442).
2, 5, 11
Suppose 7*k = 2368 + 24778. What are the prime factors of k?
2, 7, 277
Suppose 0 = -4*b + 8 + 4. Suppose b*w - 56 = -32. List the prime factors of w.
2
List the prime factors of (-36)/(-336)*4 - (-15632)/14.
1117
Suppose -24 = -j + 5*n + 15, j + 5*n = -11. Let d = j + -14. Suppose d = 22*v - 21*v - 16. List the prime factors of v.
2
Suppose 0*a + 3*a = 36. Suppose -a*r + 729 = -3*r. List the prime factors of r.
3
Suppose -o - 2*o + 596 = 5*q, 2*q - 2*o - 232 = 0. List the prime factors of q.
2, 59
Suppose 5*m = z - 1433, -m + 1409 = z - 0*m. List the prime factors of z.
3, 157
Suppose 11*p + p = 60. Suppose -253 = p*z - 913. List the prime factors of z.
2, 3, 11
Let p be 3 - 27 - (-1 - -4). Let i = p - -63. What are the prime factors of i?
2, 3
Let q(r) = r**3 - 7*r**2 + 5*r - 2. Let v be -2*(-4 + 7 - 6). Let j be q(v). List the prime factors of (4 + j - -1) + 6.
3
Let m = 465 + -262. Suppose -11*k = -1150 - m. What are the prime factors of k?
3, 41
Suppose -623 = 5*j - 5*p - 2293, 4*p = -4*j + 1320. What are the prime factors of j?
2, 83
Let a be -1 + 3/(-3)*3. List the prime factors of (-3)/36*a*264.
2, 11
What are the prime factors of (-56)/(-72)*-3 - (-23492)/6?
7, 13, 43
Let k = -10 + 22. Suppose -7*b = -b - k. Suppose 8 = b*d - 22. What are the prime factors of d?
3, 5
Let b(o) = -44*o**2 - 5*o - 5. Let c be b(-2). Let n = c + 243. Suppose -2*u - u + n = 0. List the prime factors of u.
2, 3
Suppose -5*c - 3721 = -4*k, -5*c - 1 = -4*c. What are the prime factors of k?
929
List the prime factors of 13/(13/4) - -640.
2, 7, 23
Suppose -30 = -112*b + 102*b. Let u = -16 + 52. Suppose 0 = b*m - 6*m + u. List the prime factors of m.
2, 3
Let v = -111 + 113. Suppose 2*x + 3*a = x - 4, -10 = -2*x + 3*a. What are the prime factors of x - (-31 + -2 - v)?
37
Suppose p = 3*n + 6 + 20, 2*n + 78 = 3*p. What are the prime factors of (-13)/p*(-160)/2?
